{"id":19,"date":"2015-10-27T09:40:09","date_gmt":"2015-10-27T09:40:09","guid":{"rendered":"http:\/\/demo.nrgthemes.com\/projects\/nrgikawp\/home1\/?page_id=19"},"modified":"2025-06-04T08:45:26","modified_gmt":"2025-06-04T06:45:26","slug":"opinion","status":"publish","type":"page","link":"https:\/\/aproin.com\/index.php\/opinion\/","title":{"rendered":"Opini\u00f3n"},"content":{"rendered":"<p>[vc_row row_responsive_classes=&#8221;section&#8221; css=&#8221;.vc_custom_1445956562480{margin-top: 0px !important;margin-bottom: 0px !important;}&#8221;][vc_column]<div class=\"second-title \"><h2 >Lo que dicen de Nosotros<\/h2><\/div><div class=\"swiper-anime\"><div class=\"swiper-container customer-slider\" data-autoplay=\"5000\" data-loop=\"0\" data-speed=\"1000\" data-center=\"0\" data-slides-per-view=\"responsive\" data-xs-slides=\"1\" data-sm-slides=\"2\" data-md-slides=\"3\" data-lg-slides=\"3\" data-add-slides=\"3\"><div class=\"swiper-wrapper\"><div class=\"swiper-slide\" data-val=\"0\"><div class=\"cust-block cust-top\"><div class=\"text bg-main\"><p><i>Tras 4 a\u00f1os dentro de Aproin, no puedo estar m\u00e1s contento de haber tomado la decisi\u00f3n de formar parte de esta gran Asociaci\u00f3n.\n\nSiempre cercanos, atentos, profesionales y con la ilusi\u00f3n de hacer crecer juntos a todos los socios a trav\u00e9s de comunicaci\u00f3n y actividades enriquecedoras, es un orgullo formar parte de esta gran familia y animo a todas las empresas del sector a formar parte de la Asociaci\u00f3n.\nMi m\u00e1s sincera enhorabuena por la gran labor que hac\u00e9is en el sector.<\/i><\/p><span>Santiago T\u00e1boas - GB&A Corredur\u00eda de Seguros <\/span><\/div><div class=\"image\"><img src=\"https:\/\/aproin.com\/wp-content\/uploads\/2024\/04\/santiago-taboas-350x378.jpeg\" alt=\"\" class=\"res-img\"><\/div><\/div><\/div><div class=\"swiper-slide\" data-val=\"1\"><div class=\"cust-block cust-bottom\"><div class=\"image\"><img src=\"https:\/\/aproin.com\/wp-content\/uploads\/2023\/12\/JuanArnaiz_color-scaled-350x378.jpg\" alt=\"\" class=\"res-img\"><\/div><div class=\"text bg-main\"><p><i>\"APROIN constituye una entidad de importancia fundamental para la protecci\u00f3n del sector inmobiliario en la provincia. Su incidencia se ha visto reflejada en numerosas ocasiones mediante su participaci\u00f3n en las Comisiones de redacci\u00f3n de la totalidad de las leyes que afectan al Sector, y su interlocuci\u00f3n tanto con las Administraciones que intervienen en la transformaci\u00f3n del suelo como con las entidades financieras, ha resultado esencial para la mejor intervenci\u00f3n en el mercado de todas las empresas que componen la Asociaci\u00f3n. Corren tiempos nuevos para el mundo inmobiliario que no puede concebirse sin la existencia de un \u00f3rgano colegiado que cualifique, proteja e impulse la promoci\u00f3n privada que sigue siendo el principal motor de producci\u00f3n tanto de viviendas como de productos inmobiliarios necesarios para el desarrollo econ\u00f3mico y social.\"<\/i><\/p><span>Juan Arn\u00e1iz Ramos - Coladas, Rivas y Arn\u00e1iz Abogados<\/span><\/div><\/div><\/div><div class=\"swiper-slide\" data-val=\"2\"><div class=\"cust-block cust-top\"><div class=\"text bg-main\"><p><i>''Mi primer contacto con APROIN fue en el a\u00f1o 1996 con motivo de un trabajo que estaba realizando en el Master MDI de la Escuela Polit\u00e9cnica de Arquitectura de Madrid. Han pasado ya 20 a\u00f1os y desde entonces solo puedo tener palabras de agradecimiento por la labor que APROIN ha desarrollado, que no solo se ha limitado a defender los intereses de sus asociados sino que ha mantenido siempre una faceta pedag\u00f3gica hacia la sociedad civil que es de agradecer. Mi mas sincera enhorabuena por mantener la ilusi\u00f3n, incluso en los momentos mas dif\u00edciles, y sobre todo saber transmitirla.''<\/i><\/p><span>Carlos Rodr\u00edguez Fuentefr\u00eda - TINSA en Pontevedra<\/span><\/div><div class=\"image\"><img src=\"https:\/\/aproin.com\/wp-content\/uploads\/2015\/10\/2-Tinsa-Carlos-Rodriguez-Fuentefria-e1453107845233-350x378.jpg\" alt=\"\" class=\"res-img\"><\/div><\/div><\/div><div class=\"swiper-slide\" data-val=\"3\"><div class=\"cust-block cust-bottom\"><div class=\"image\"><img src=\"https:\/\/aproin.com\/wp-content\/uploads\/2025\/06\/manuel-amor-350x378.jpg\" alt=\"\" class=\"res-img\"><\/div><div class=\"text bg-main\"><p><i>\u201cEs una gran suerte para Vigo contar con una Asociaci\u00f3n que consigue aglutinar a toda la cadena de valor del sector inmobiliario. Aproin nos recibi\u00f3 con los brazos abiertos desde el primer d\u00eda y nos ha brindado apoyo continuo. Es de agradecer, especialmente, el esfuerzo que hace para que dispongamos de foros de debate e informaci\u00f3n sobre los m\u00faltiples retos que nos rodean a diario. Confiamos en poder disfrutar de su buen hacer durante mucho tiempo.\u201d<\/i><\/p><span>Manuel Amor - Amma Promoci\u00f3n<\/span><\/div><\/div><\/div><div class=\"swiper-slide\" data-val=\"4\"><div class=\"cust-block cust-top\"><div class=\"text bg-main\"><p><i>Mi misi\u00f3n en APROIN se centra de forma casi exclusiva por haber presidido los jurados que otorgan un galard\u00f3n anual al mejor edificio construido o rehabilitado. Estos jurados, compuestos por profesionales que dominan cada una de las diferentes partes de que consta un edificio, se han caracterizado por su imparcialidad y seriedad en los debates establecidos para la consecuci\u00f3n de sus dict\u00e1menes. Por ello, siempre me he sentido orgulloso de presidirlos.<\/i><\/p><span>Luis Espada Recarey<\/span><\/div><div class=\"image\"><img src=\"https:\/\/aproin.com\/wp-content\/uploads\/2015\/10\/2-luis-espada-rey-350x378.jpg\" alt=\"\" class=\"res-img\"><\/div><\/div><\/div><\/div><div class=\"point-style-2\"><div class=\"pagination\"><\/div><\/div><\/div><\/div>[\/vc_column][\/vc_row]<\/p>\n","protected":false},"excerpt":{"rendered":"<p>[vc_row row_responsive_classes=&#8221;section&#8221; css=&#8221;.vc_custom_1445956562480{margin-top: 0px !important;margin-bottom: 0px !important;}&#8221;][vc_column][\/vc_column][\/vc_row]<\/p>\n","protected":false},"author":1,"featured_media":0,"parent":0,"menu_order":2,"comment_status":"closed","ping_status":"closed","template":"","meta":[],"_links":{"self":[{"href":"https:\/\/aproin.com\/index.php\/wp-json\/wp\/v2\/pages\/19"}],"collection":[{"href":"https:\/\/aproin.com\/index.php\/wp-json\/wp\/v2\/pages"}],"about":[{"href":"https:\/\/aproin.com\/index.php\/wp-json\/wp\/v2\/types\/page"}],"author":[{"embeddable":true,"href":"https:\/\/aproin.com\/index.php\/wp-json\/wp\/v2\/users\/1"}],"replies":[{"embeddable":true,"href":"https:\/\/aproin.com\/index.php\/wp-json\/wp\/v2\/comments?post=19"}],"version-history":[{"count":19,"href":"https:\/\/aproin.com\/index.php\/wp-json\/wp\/v2\/pages\/19\/revisions"}],"predecessor-version":[{"id":5182,"href":"https:\/\/aproin.com\/index.php\/wp-json\/wp\/v2\/pages\/19\/revisions\/5182"}],"wp:attachment":[{"href":"https:\/\/aproin.com\/index.php\/wp-json\/wp\/v2\/media?parent=19"}],"curies":[{"name":"wp","href":"https:\/\/api.w.org\/{rel}","templated":true}]}}

Opinión

<p>[vc_row row_responsive_classes=&#8221;section&#8221; css=&#8221;.vc_custom_1445956562480{margin-top: 0px !important;margin-bottom: 0px !important;}&#8221;][vc_column]<div class="second-title "><h2 >Lo que dicen de Nosotros</h2></div><div class="swiper-anime"><div class="swiper-container customer-slider" data-autoplay="5000" data-loop="0" data-speed="1000" data-center="0" data-slides-per-view="responsive" data-xs-slides="1" data-sm-slides="2" data-md-slides="3" data-lg-slides="3" data-add-slides="3"><div class="swiper-wrapper"><div class="swiper-slide" data-val="0"><div class="cust-block cust-top"><div class="text bg-main"><p><i>Tras 4 años dentro de Aproin, no puedo estar más contento de haber tomado la decisión de formar parte de esta gran Asociación.

Siempre cercanos, atentos, profesionales y con la ilusión de hacer crecer juntos a todos los socios a través de comunicación y actividades enriquecedoras, es un orgullo formar parte de esta gran familia y animo a todas las empresas del sector a formar parte de la Asociación.
Mi más sincera enhorabuena por la gran labor que hacéis en el sector.</i></p><span>Santiago Táboas - GB&A Correduría de Seguros </span></div><div class="image"><img src="https://aproin.com/wp-content/uploads/2024/04/santiago-taboas-350x378.jpeg" alt="" class="res-img"></div></div></div><div class="swiper-slide" data-val="1"><div class="cust-block cust-bottom"><div class="image"><img src="https://aproin.com/wp-content/uploads/2023/12/JuanArnaiz_color-scaled-350x378.jpg" alt="" class="res-img"></div><div class="text bg-main"><p><i>"APROIN constituye una entidad de importancia fundamental para la protección del sector inmobiliario en la provincia. Su incidencia se ha visto reflejada en numerosas ocasiones mediante su participación en las Comisiones de redacción de la totalidad de las leyes que afectan al Sector, y su interlocución tanto con las Administraciones que intervienen en la transformación del suelo como con las entidades financieras, ha resultado esencial para la mejor intervención en el mercado de todas las empresas que componen la Asociación. Corren tiempos nuevos para el mundo inmobiliario que no puede concebirse sin la existencia de un órgano colegiado que cualifique, proteja e impulse la promoción privada que sigue siendo el principal motor de producción tanto de viviendas como de productos inmobiliarios necesarios para el desarrollo económico y social."</i></p><span>Juan Arnáiz Ramos - Coladas, Rivas y Arnáiz Abogados</span></div></div></div><div class="swiper-slide" data-val="2"><div class="cust-block cust-top"><div class="text bg-main"><p><i>''Mi primer contacto con APROIN fue en el año 1996 con motivo de un trabajo que estaba realizando en el Master MDI de la Escuela Politécnica de Arquitectura de Madrid. Han pasado ya 20 años y desde entonces solo puedo tener palabras de agradecimiento por la labor que APROIN ha desarrollado, que no solo se ha limitado a defender los intereses de sus asociados sino que ha mantenido siempre una faceta pedagógica hacia la sociedad civil que es de agradecer. Mi mas sincera enhorabuena por mantener la ilusión, incluso en los momentos mas difíciles, y sobre todo saber transmitirla.''</i></p><span>Carlos Rodríguez Fuentefría - TINSA en Pontevedra</span></div><div class="image"><img src="https://aproin.com/wp-content/uploads/2015/10/2-Tinsa-Carlos-Rodriguez-Fuentefria-e1453107845233-350x378.jpg" alt="" class="res-img"></div></div></div><div class="swiper-slide" data-val="3"><div class="cust-block cust-bottom"><div class="image"><img src="https://aproin.com/wp-content/uploads/2025/06/manuel-amor-350x378.jpg" alt="" class="res-img"></div><div class="text bg-main"><p><i>“Es una gran suerte para Vigo contar con una Asociación que consigue aglutinar a toda la cadena de valor del sector inmobiliario. Aproin nos recibió con los brazos abiertos desde el primer día y nos ha brindado apoyo continuo. Es de agradecer, especialmente, el esfuerzo que hace para que dispongamos de foros de debate e información sobre los múltiples retos que nos rodean a diario. Confiamos en poder disfrutar de su buen hacer durante mucho tiempo.”</i></p><span>Manuel Amor - Amma Promoción</span></div></div></div><div class="swiper-slide" data-val="4"><div class="cust-block cust-top"><div class="text bg-main"><p><i>Mi misión en APROIN se centra de forma casi exclusiva por haber presidido los jurados que otorgan un galardón anual al mejor edificio construido o rehabilitado. Estos jurados, compuestos por profesionales que dominan cada una de las diferentes partes de que consta un edificio, se han caracterizado por su imparcialidad y seriedad en los debates establecidos para la consecución de sus dictámenes. Por ello, siempre me he sentido orgulloso de presidirlos.</i></p><span>Luis Espada Recarey</span></div><div class="image"><img src="https://aproin.com/wp-content/uploads/2015/10/2-luis-espada-rey-350x378.jpg" alt="" class="res-img"></div></div></div></div><div class="point-style-2"><div class="pagination"></div></div></div></div>[/vc_column][/vc_row]</p>
